alculate the greatest common divisor of 768 and 13600.
32
What is the highest common divisor of 666 and 1053?
9
What is the highest common factor of 12445 and 1045?
95
Calculate the highest common divisor of 10935 and 24345.
45
Calculate the greatest common divisor of 736 and 2606176.
736
What is the greatest common divisor of 153 and 8466?
51
What is the highest common divisor of 994 and 3857714?
994
What is the greatest common factor of 331261 and 2?
1
What is the greatest common factor of 90 and 750735?
45
Calculate the greatest common divisor of 50 and 4616.
2
Calculate the greatest common divisor of 7644 and 163023.
147
What is the greatest common factor of 114 and 57627?
57
What is the greatest common divisor of 508 and 533146?
254
Calculate the greatest common divisor of 5305072 and 656.
656
Calculate the highest common factor of 948 and 31047.
237
Calculate the greatest common divisor of 950 and 1210.
10
Calculate the highest common divisor of 837369 and 12630.
1263
What is the highest common factor of 158 and 503546?
158
Calculate the greatest common divisor of 204363 and 435.
87
What is the highest common divisor of 107 and 120161?
107
Calculate the greatest common factor of 83452 and 3441.
31
What is the greatest common divisor of 57672 and 3708?
36
What is the highest common divisor of 5394 and 1880708?
1798
Calculate the highest common divisor of 57844 and 14.
2
What is the highest common factor of 556 and 1218474?
278
What is the greatest common factor of 33060 and 6270?
570
Calculate the highest common divisor of 54527 and 44.
11
Calculate the highest common factor of 1862 and 124222.
266
What is the greatest common divisor of 203908 and 684?
76
What is the highest common factor of 8439 and 7743?
87
Calculate the greatest common factor of 73896 and 48.
24
Calculate the highest common divisor of 4652 and 14.
2
What is the greatest common divisor of 3875 and 651?
31
What is the highest common factor of 520 and 232740?
20
Calculate the highest common factor of 1162 and 52458.
14
Calculate the greatest common factor of 3717 and 1829.
59
Calculate the highest common divisor of 1184 and 33818.
74
What is the greatest common divisor of 116955 and 92?
23
Calculate the greatest common factor of 17956 and 804.
268
Calculate the highest common factor of 4674 and 19380.
114
What is the greatest common factor of 2011014 and 669?
669
Calculate the greatest common factor of 928 and 10382.
58
What is the highest common divisor of 6 and 464694?
6
Calculate the greatest common factor of 146 and 417122.
146
Calculate the highest common factor of 483 and 903.
21
What is the highest common divisor of 43 and 220?
1
Calculate the greatest common factor of 376 and 75529.
47
What is the highest common factor of 3888 and 14676?
12
What is the greatest common factor of 116530 and 58536?
542
Calculate the highest common factor of 8082 and 20.
2
Calculate the greatest common divisor of 88504 and 11132.
92
What is the highest common factor of 894150 and 360?
90
What is the highest common factor of 369 and 83968?
41
What is the greatest common divisor of 17 and 21823019?
17
What is the greatest common divisor of 697114 and 22?
22
Calculate the greatest common divisor of 7980 and 7448.
532
What is the greatest common factor of 14808 and 12024?
24
Calculate the highest common divisor of 252566 and 862.
862
What is the highest common factor of 34 and 78914?
34
Calculate the highest common factor of 826 and 3967278.
826
What is the greatest common divisor of 534 and 21786?
6
Calculate the greatest common divisor of 31779 and 428.
107
What is the greatest common factor of 10 and 263930?
10
What is the highest common divisor of 850833 and 306?
153
Calculate the highest common divisor of 143471 and 53.
53
Calculate the greatest common divisor of 22160 and 32.
16
Calculate the highest common divisor of 2980 and 1840.
20
Calculate the greatest common divisor of 4301836 and 924.
308
Calculate the greatest common factor of 22768 and 752.
16
What is the highest common divisor of 4532 and 1067?
11
What is the highest common factor of 350 and 10400?
50
Calculate the highest common factor of 30606 and 12.
6
What is the greatest common divisor of 9048 and 520?
104
Calculate the greatest common factor of 55193 and 97.
97
Calculate the highest common divisor of 400 and 228200.
200
Calculate the greatest common factor of 29896 and 9472.
296
What is the highest common factor of 22032 and 4488?
408
Calculate the highest common factor of 19436 and 3268.
172
What is the highest common divisor of 1366878 and 1636?
818
What is the greatest common divisor of 226474 and 68?
34
Calculate the greatest common divisor of 8 and 22216.
8
Calculate the highest common factor of 794738 and 112.
14
What is the highest common factor of 720 and 810864?
144
What is the greatest common factor of 581 and 5908189?
581
What is the greatest common factor of 5795 and 8235?
305
Calculate the highest common factor of 56868 and 1428.
84
What is the highest common divisor of 408 and 16694?
34
What is the highest common factor of 15509 and 78?
13
Calculate the greatest common factor of 7 and 2984156.
7
What is the greatest common factor of 44681 and 2455?
491
What is the highest common divisor of 241995 and 595?
85
What is the greatest common factor of 2317 and 7?
7
What is the highest common factor of 129024 and 1280?
256
What is the greatest common divisor of 9800 and 12712?
56
Calculate the highest common factor of 6507 and 2943.
27
What is the highest common divisor of 845 and 3718?
169
What is the greatest common divisor of 366 and 178730?
122
What is the highest common factor of 384 and 5244?
12
Calculate the greatest common factor of 936238 and 92.
46
Calculate the greatest common divisor of 97056 and 41451.
1011
What is the highest common divisor of 14765 and 5?
5
What is the highest common factor of 7320 and 75945?
915
Calculate the highest common factor of 126 and 9184.
14
Calculate the greatest common factor of 1895 and 36384.
379
Calculate the highest common divisor of 566224 and 43.
43
What is the greatest common factor of 14644 and 84?
28
What is the greatest common factor of 29704 and 19928?
376
What is the highest common factor of 11025 and 88875?
225
What is the highest common divisor of 216 and 6013512?
72
Calculate the greatest common divisor of 5222 and 11886.
14
Calculate the highest common divisor of 19120 and 400.
80
What is the greatest common divisor of 63664 and 1648?
16
What is the highest common factor of 1012 and 30452?
92
Calculate the highest common divisor of 299 and 8027.
23
What is the highest common factor of 24025 and 150?
25
What is the highest common divisor of 7 and 128191?
7
What is the highest common factor of 1606 and 1331?
11
Calculate the greatest common factor of 85078 and 515.
103
Calculate the highest common divisor of 559 and 3068.
13
What is the greatest common divisor of 2196 and 116876?
244
Calculate the highest common divisor of 52 and 118924.
52
Calculate the highest common divisor of 748 and 90882.
374
Calculate the highest common factor of 735 and 93590.
245
Calculate the greatest common factor of 264 and 495396.
132
What is the highest common divisor of 330 and 5193870?
330
What is the highest common divisor of 171407 and 724?
181
What is the greatest common factor of 31773 and 2848?
89
Calculate the highest common divisor of 3616 and 76614.
226
Calculate the highest common factor of 58940 and 644.
28
What is the highest common divisor of 23511 and 153?
51
Calculate the highest common factor of 213906 and 336.
42
Calculate the highest common factor of 1581 and 9021.
93
Calculate the highest common divisor of 1853 and 3488.
109
Calculate the greatest common factor of 88 and 932.
4
What is the highest common divisor of 916 and 2261146?
458
Calculate the greatest common divisor of 4601 and 12427.
43
What is the highest common divisor of 588 and 517489?
49
What is the greatest common divisor of 196768 and 903?
43
Calculate the highest common divisor of 73 and 202575.
73
Calculate the greatest common factor of 2919 and 1701.
21
Calculate the greatest common factor of 26436 and 240.
12
What is the greatest common factor of 6 and 50277?
3
What is the highe